
What is the hundred thousands digit of 1768093322?
0
What is the hundred thousands digit of 4064907238?
9
What is the hundred millions digit of 545102807?
5
What is the units digit of 1992998994?
4
What is the ten millions digit of 25974924?
2
What is the ten thousands digit of 483465944?
6
What is the hundred millions digit of 3184158481?
1
What is the hundred thousands digit of 51962039?
9
What is the ten thousands digit of 36566627?
6
What is the millions digit of 2621970?
2
What is the hundred millions digit of 330208046?
3
What is the tens digit of 37924371?
7
What is the ten millions digit of 1771843521?
7
What is the thousands digit of 7384386?
4
What is the ten thousands digit of 75000220?
0
What is the millions digit of 3586688174?
6
What is the ten thousands digit of 145884620?
8
What is the tens digit of 216438224?
2
What is the thousands digit of 1011980120?
0
What is the hundred millions digit of 2315852143?
3
What is the hundred thousands digit of 1092661314?
6
What is the thousands digit of 878086908?
6
What is the units digit of 1148745132?
2
What is the thousands digit of 4251734991?
4
What is the units digit of 593375165?
5
What is the tens digit of 184128499?
9
What is the tens digit of 667219799?
9
What is the tens digit of 9163525743?
4
What is the hundred thousands digit of 95507739?
5
What is the hundred thousands digit of 20702734?
7
What is the thousands digit of 414201956?
1
What is the hundred thousands digit of 2923721614?
7
What is the tens digit of 4267271163?
6
What is the hundreds digit of 477794187?
1
What is the millions digit of 73052744?
3
What is the thousands digit of 1401511814?
1
What is the hundreds digit of 5330717532?
5
What is the millions digit of 13287806?
3
What is the ten thousands digit of 109686541?
8
What is the hundreds digit of 140521462?
4
What is the hundred thousands digit of 211796325?
7
What is the hundred millions digit of 7087239854?
0
What is the hundred millions digit of 224148981?
2
What is the millions digit of 48654130?
8
What is the ten millions digit of 120120462?
2
What is the thousands digit of 32786691?
6
What is the ten millions digit of 56900706?
5
What is the hundred thousands digit of 17449989?
4
What is the ten thousands digit of 153152224?
5
What is the hundreds digit of 1960689494?
4
What is the thousands digit of 715585056?
5
What is the hundreds digit of 897679441?
4
What is the hundred millions digit of 981049181?
9
What is the tens digit of 27779134?
3
What is the tens digit of 128244146?
4
What is the ten millions digit of 3511246312?
1
What is the hundreds digit of 2112936926?
9
What is the units digit of 1476452451?
1
What is the units digit of 934674948?
8
What is the ten millions digit of 31397139?
3
What is the ten thousands digit of 224435642?
3
What is the hundred millions digit of 2652168313?
6
What is the ten thousands digit of 68030882?
3
What is the hundred millions digit of 773619008?
7
What is the ten millions digit of 796097907?
9
What is the hundred millions digit of 3037266547?
0
What is the hundreds digit of 378914811?
8
What is the units digit of 320876215?
5
What is the hundred millions digit of 507390738?
5
What is the units digit of 442000491?
1
What is the hundreds digit of 44171520?
5
What is the ten thousands digit of 5277387487?
8
What is the ten millions digit of 269856499?
6
What is the ten thousands digit of 23151081?
5
What is the hundreds digit of 314053798?
7
What is the ten millions digit of 99662688?
9
What is the hundreds digit of 1950540?
5
What is the thousands digit of 167145553?
5
What is the ten thousands digit of 76379026?
7
What is the tens digit of 289407354?
5
What is the ten thousands digit of 10925038?
2
What is the thousands digit of 120676966?
6
What is the hundreds digit of 45055284?
2
What is the tens digit of 42713862?
6
What is the hundred thousands digit of 4713409025?
4
What is the units digit of 7068024439?
9
What is the ten millions digit of 673803452?
7
What is the tens digit of 7043668?
6
What is the hundred thousands digit of 169600663?
6
What is the hundreds digit of 91272561?
5
What is the ten thousands digit of 1098139356?
3
What is the hundreds digit of 15456846?
8
What is the ten thousands digit of 26968112?
6
What is the hundred millions digit of 184620674?
1
What is the millions digit of 1419521486?
9
What is the ten thousands digit of 1148693187?
9
What is the ten millions digit of 25405611?
2
What is the hundred millions digit of 191198892?
1
What is the hundred millions digit of 169144137?
1
What is the hundred thousands digit of 114025577?
0
What is the ten thousands digit of 67027268?
2
What is the ten millions digit of 103466763?
0
What is the hundred millions digit of 363734024?
3
What is the units digit of 461904534?
4
What is the units digit of 1334492748?
8
What is the thousands digit of 43397571?
7
What is the ten millions digit of 1306296150?
0
What is the millions digit of 306433564?
6
What is the ten millions digit of 42987808?
4
What is the hundred millions digit of 104384846?
1
What is the ten millions digit of 2286080519?
8
What is the tens digit of 1399439397?
9
What is the hundred thousands digit of 3174250?
1
What is the hundred thousands digit of 9815220?
8
What is the hundred thousands digit of 2289535920?
5
What is the hundred thousands digit of 986843163?
8
What is the ten millions digit of 3213734210?
1
What is the ten millions digit of 31445785?
3
What is the tens digit of 1051874494?
9
What is the hundred millions digit of 1623314113?
6
What is the millions digit of 64622043?
4
What is the ten millions digit of 162348902?
6
What is the billions digit of 1784662979?
1
What is the ten millions digit of 1443093945?
4
What is the tens digit of 73159921?
2
What is the tens digit of 967933126?
2
What is the thousands digit of 487839554?
9
What is the hundreds digit of 135145615?
6
What is the ten millions digit of 158573728?
5
What is the tens digit of 90524284?
8
What is the hundreds digit of 298525307?
3
What is the ten millions digit of 69947860?
6
What is the ten thousands digit of 207123545?
2
What is the billions digit of 4449379749?
4
What is the hundred millions digit of 495084272?
4
What is the hundreds digit of 58567647?
6
What is the millions digit of 659467555?
9
What is the millions digit of 1520212139?
0
What is the tens digit of 2419648104?
0
What is the millions digit of 989481125?
9
What is the thousands digit of 478336140?
6
What is the tens digit of 118186974?
7
What is the units digit of 1417401159?
9
What is the billions digit of 1564632850?
1
What is the hundred thousands digit of 255385242?
3
What is the ten millions digit of 235133094?
3
What is the millions digit of 2778252586?
8
What is the units digit of 60862426?
6
What is the millions digit of 51356482?
1
What is the millions digit of 230325937?
0
What is the hundred thousands digit of 62854054?
8
What is the ten millions digit of 844222553?
4
What is the millions digit of 3482609543?
2
What is the tens digit of 10730417?
1
What is the hundreds digit of 87763608?
6
What is the units digit of 156535085?
5
What is the thousands digit of 253731145?
1
What is the hundred millions digit of 204131419?
2
What is the tens digit of 21083055?
5
What is the hundreds digit of 909267050?
0
What is the thousands digit of 63997155?
7
What is the tens digit of 58589357?
5
What is the ten millions digit of 123584427?
2
What is the hundreds digit of 37768591?
5
What is the millions digit of 242732265?
2
What is the tens digit of 1085428127?
2
What is the millions digit of 1630063534?
0
What is the units digit of 1250746076?
6
What is the thousands digit of 28237280?
7
What is the hundreds digit of 432613293?
2
What is the hundreds digit of 4024840129?
1
What is the ten thousands digit of 439756?
3
What is the tens digit of 27329759?
5
What is the thousands digit of 1295132713?
2
What is the hundred thousands digit of 4317577107?
5
What is the ten millions digit of 15610880?
1
What is the ten millions digit of 140037068?
4
What is the thousands digit of 2810404997?
4
What is the ten millions digit of 26721720?
2
What is the ten thousands digit of 459081688?
8
What is the units digit of 7756339?
9
What is the ten 